{"id":135,"date":"2020-03-10T16:24:32","date_gmt":"2020-03-10T16:24:32","guid":{"rendered":"http:\/\/spkeblowo.strefa.pl\/wordpress\/?page_id=135"},"modified":"2024-10-17T07:53:09","modified_gmt":"2024-10-17T05:53:09","slug":"biblioteka","status":"publish","type":"page","link":"https:\/\/spkeblowo.pl\/?page_id=135","title":{"rendered":"BIBLIOTEKA"},"content":{"rendered":"\r\n<p>mgr Monika Potrykus,<br \/>mgr\u00a0Dorota \u0141aga<\/p>\r\n<p style=\"text-align: center;\">\u00a0<\/p>\r\n<table class=\" aligncenter\" style=\"width: 42.3359%;\" width=\"643\" cellspacing=\"0\" cellpadding=\"2\">\r\n<tbody>\r\n<tr>\r\n<td style=\"width: 341.266px;\" colspan=\"2\" valign=\"top\">\r\n<p align=\"center\"><span style=\"font-size: large;\"><b>GODZINY OTWARCIA BIBLIOTEKI <\/b><\/span><\/p>\r\n<p align=\"center\"><span style=\"font-size: large;\">(od 23.09.2024r.)<\/span><\/p>\r\n<\/td>\r\n<\/tr>\r\n<tr valign=\"top\">\r\n<td style=\"width: 172.672px;\">\r\n<p align=\"center\"><span style=\"font-size: medium;\"><b>Dzie\u0144 tygodnia<\/b><\/span><\/p>\r\n<\/td>\r\n<td style=\"width: 162.594px;\">\r\n<p align=\"center\"><span style=\"font-size: medium;\"><b>Biblioteka<\/b><\/span><\/p>\r\n<\/td>\r\n<\/tr>\r\n<tr valign=\"top\">\r\n<td style=\"width: 172.672px;\">\r\n<p align=\"center\"><span style=\"font-size: medium;\"><b>Poniedzia\u0142ek<\/b><\/span><\/p>\r\n<\/td>\r\n<td style=\"width: 162.594px;\">\r\n<p align=\"center\"><span style=\"font-size: medium;\"><b>8.00 &#8211; 10.45<\/b><\/span><\/p>\r\n<p align=\"center\"><span style=\"font-size: medium;\"><b>12.40 \u2013 15.15<\/b><\/span><\/p>\r\n<\/td>\r\n<\/tr>\r\n<tr valign=\"top\">\r\n<td style=\"width: 172.672px;\">\r\n<p align=\"center\"><span style=\"font-size: medium;\"><b>Wtorek<\/b><\/span><\/p>\r\n<\/td>\r\n<td style=\"width: 162.594px;\">\r\n<p align=\"center\"><span style=\"font-size: medium;\"><b>7.40 \u2013 <\/b><\/span><span style=\"font-size: medium;\"><b>11.45<\/b><\/span><\/p>\r\n<p align=\"center\"><span style=\"font-size: medium;\"><b>12.40 \u2013 14.30<\/b><\/span><\/p>\r\n<\/td>\r\n<\/tr>\r\n<tr valign=\"top\">\r\n<td style=\"width: 172.672px;\">\r\n<p align=\"center\"><span style=\"font-size: medium;\"><b>\u015aroda<\/b><\/span><\/p>\r\n<\/td>\r\n<td style=\"width: 162.594px;\">\r\n<p align=\"center\"><span style=\"font-size: medium;\"><b>8.50 \u2013 12.20<\/b><\/span><\/p>\r\n<p align=\"center\"><span style=\"font-size: medium;\"><b>12.30 \u2013 15.15<\/b><\/span><\/p>\r\n<\/td>\r\n<\/tr>\r\n<tr valign=\"top\">\r\n<td style=\"width: 172.672px;\">\r\n<p align=\"center\"><span style=\"font-size: medium;\"><b>Czwartek<\/b><\/span><\/p>\r\n<\/td>\r\n<td style=\"width: 162.594px;\">\r\n<p align=\"center\"><span style=\"font-size: medium;\"><b>7.05 &#8211; 9.40<\/b><\/span><\/p>\r\n<p align=\"center\"><span style=\"font-size: medium;\"><b>9.45 &#8211; 10.45<\/b><\/span><\/p>\r\n<p align=\"center\"><span style=\"font-size: medium;\"><b>11.40 &#8211; 14.30<\/b><\/span><\/p>\r\n<\/td>\r\n<\/tr>\r\n<tr valign=\"top\">\r\n<td style=\"width: 172.672px;\">\r\n<p align=\"center\"><span style=\"font-size: medium;\"><b>Pi\u0105tek<\/b><\/span><\/p>\r\n<\/td>\r\n<td style=\"width: 162.594px;\">\r\n<p align=\"center\"><span style=\"font-size: medium;\"><b>7.05 \u2013 <\/b><\/span><span style=\"font-size: medium;\"><b>13.00<\/b><\/span><\/p>\r\n<\/td>\r\n<\/tr>\r\n<\/tbody>\r\n<\/table>\r\n\r\n\r\n\r\n\r\n\r\n<p><strong>Biblioteka szkolna s\u0142u\u017cy wszystkim uczniom, nauczycielom i\u00a0pracownikom szko\u0142y, rozwija potrzeby czytelnicze i\u00a0informacyjne zwi\u0105zane z\u00a0nauk\u0105 szkoln\u0105 i\u00a0indywidualnymi zainteresowaniami. Stwarza warunki do\u00a0samodzielnego zdobywania wiedzy, przygotowuje do\u00a0korzystania z\u00a0innych bibliotek i\u00a0do\u00a0samokszta\u0142cenia.<\/strong><\/p>\r\n\r\n\r\n\r\n<p>ZASADY KORZYSTANIA Z\u00a0BIBLIOTEKI:<br \/>Z\u00a0biblioteki mog\u0105 korzysta\u0107 uczniowie, nauczyciele, i\u00a0inni pracownicy szko\u0142y a\u00a0tak\u017ce rodzice.<br \/>Korzystanie z\u00a0biblioteki jest bezp\u0142atne.<br \/>Ka\u017cdy czytelnik powinien zapozna\u0107 si\u0119 z\u00a0regulaminem biblioteki przy zapisie.<br \/>Ze\u00a0zgromadzonych w\u00a0bibliotece ksi\u0105\u017cek, czasopism mo\u017cna korzysta\u0107 wypo\u017cyczaj\u0105c je do\u00a0domu lub czytaj\u0105c je na\u00a0miejscu.<br \/>Czytelnik mo\u017ce wypo\u017cyczy\u0107 ksi\u0105\u017cki wy\u0142\u0105cznie na\u00a0swoje nazwisko.<br \/>Jednorazowo mo\u017cna wypo\u017cyczy\u0107 2 ksi\u0105\u017cki na\u00a0okres 2 tygodni.<br \/>Bibliotekarz mo\u017ce przed\u0142u\u017cy\u0107 termin zwrot.<br \/><strong>Czytelnik jest zobowi\u0105zany do\u00a0troskliwego obchodzenia si\u0119 z\u00a0wypo\u017cyczonymi zbiorami.<\/strong><br \/><strong>Czytelnik powinien zwr\u00f3ci\u0107 uwag\u0119 na\u00a0stan ksi\u0105\u017cki przed\u00a0jej wypo\u017cyczeniem. Zauwa\u017cone uszkodzenia i\u00a0braki nale\u017cy zg\u0142osi\u0107 bibliotekarzowi. Stwierdzone braki a\u00a0nie\u00a0zg\u0142oszone uprzednio obci\u0105\u017caj\u0105 czytelnika.<\/strong><br \/>Za\u00a0szkody wynik\u0142e ze\u00a0zgubienia lub uszkodzenia, zniszczenia wypo\u017cyczonych pozycji odpowiada czytelnik.<br \/>W\u00a0przypadku zgubienia wypo\u017cyczonej ksi\u0105\u017cki czytelnik jest zobowi\u0105zany do\u00a0odkupienia identycznego egzemplarza, a\u00a0je\u017celi jest to\u00a0nie\u00a0mo\u017cliwe \u2013 do\u00a0uiszczenia odszkodowania w\u00a0wysoko\u015bci ustalonej przez\u00a0bibliotekarza. Dopuszcza si\u0119 odkupienie innego wydania tego samego tytu\u0142u.<br \/>Wysoko\u015b\u0107 odszkodowania ustala bibliotekarz w\u00a0zale\u017cno\u015bci od\u00a0aktualnej warto\u015bci na\u00a0rynku i\u00a0stopnia jej uszkodzenia. W\u00a0przypadku encyklopedii, s\u0142ownik\u00f3w, album\u00f3w \u2013 wysoko\u015b\u0107 odszkodowania jest pobierana wed\u0142ug ceny antykwarycznej. Czytelnik mo\u017ce za\u00a0zgod\u0105 bibliotekarza dostarczy\u0107 zamiast identycznej \u2013 inn\u0105 ksi\u0105\u017ck\u0119 nie\u00a0mniejszej warto\u015bci, przydatn\u0105 w\u00a0bibliotece.<br \/>Wszystkie wypo\u017cyczone ksi\u0105\u017cki musz\u0105 by\u0107 zwr\u00f3cone do\u00a0biblioteki przed\u00a0ko\u0144cem roku szkolnego.<\/p>\r\n\r\n\r\n\r\n<div class=\"wp-block-file\"><a href=\"https:\/\/spkeblowo.pl\/wp-content\/uploads\/2021\/06\/SKM_C22721062410420.pdf\">Regulamin wypo\u017cyczania darmowych podr\u0119cznik\u00f3w<\/a><\/div>\r\n<div>\u00a0<\/div>\r\n<div class=\"wp-block-file\"><a href=\"https:\/\/spkeblowo.pl\/wp-content\/uploads\/2020\/03\/20200313_085250-1-scaled.jpg\" data-elementor-open-lightbox=\"yes\" data-elementor-lightbox-slideshow=\"064ae60\" data-elementor-lightbox-title=\"20200313_085250\"><br \/><\/a>\r\n<div id='gallery-1' class='gallery galleryid-135 gallery-columns-3 gallery-size-thumbnail'><figure class='gallery-item'>\n\t\t\t<div class='gallery-icon landscape'>\n\t\t\t\t<a href='https:\/\/spkeblowo.pl\/?attachment_id=7313'><img decoding=\"async\" width=\"150\" height=\"150\" src=\"https:\/\/spkeblowo.pl\/wp-content\/uploads\/2024\/09\/20200313_085250-1-246x246-1-150x150.jpg\" class=\"attachment-thumbnail size-thumbnail\" alt=\"\" srcset=\"https:\/\/spkeblowo.pl\/wp-content\/uploads\/2024\/09\/20200313_085250-1-246x246-1-150x150.jpg 150w, https:\/\/spkeblowo.pl\/wp-content\/uploads\/2024\/09\/20200313_085250-1-246x246-1-70x70.jpg 70w, https:\/\/spkeblowo.pl\/wp-content\/uploads\/2024\/09\/20200313_085250-1-246x246-1.jpg 246w, https:\/\/spkeblowo.pl\/wp-content\/uploads\/2024\/09\/20200313_085250-1-246x246-1-125x125.jpg 125w\" sizes=\"(max-width: 150px) 100vw, 150px\" \/><\/a>\n\t\t\t<\/div><\/figure><figure class='gallery-item'>\n\t\t\t<div class='gallery-icon landscape'>\n\t\t\t\t<a href='https:\/\/spkeblowo.pl\/?attachment_id=7314'><img decoding=\"async\" width=\"150\" height=\"150\" src=\"https:\/\/spkeblowo.pl\/wp-content\/uploads\/2024\/09\/20200313_085340-246x246-1-150x150.jpg\" class=\"attachment-thumbnail size-thumbnail\" alt=\"\" srcset=\"https:\/\/spkeblowo.pl\/wp-content\/uploads\/2024\/09\/20200313_085340-246x246-1-150x150.jpg 150w, https:\/\/spkeblowo.pl\/wp-content\/uploads\/2024\/09\/20200313_085340-246x246-1-70x70.jpg 70w, https:\/\/spkeblowo.pl\/wp-content\/uploads\/2024\/09\/20200313_085340-246x246-1.jpg 246w, https:\/\/spkeblowo.pl\/wp-content\/uploads\/2024\/09\/20200313_085340-246x246-1-125x125.jpg 125w\" sizes=\"(max-width: 150px) 100vw, 150px\" \/><\/a>\n\t\t\t<\/div><\/figure><figure class='gallery-item'>\n\t\t\t<div class='gallery-icon landscape'>\n\t\t\t\t<a href='https:\/\/spkeblowo.pl\/?attachment_id=7311'><img decoding=\"async\" width=\"150\" height=\"150\" src=\"https:\/\/spkeblowo.pl\/wp-content\/uploads\/2024\/09\/20200313_085357-246x246-1-150x150.jpg\" class=\"attachment-thumbnail size-thumbnail\" alt=\"\" srcset=\"https:\/\/spkeblowo.pl\/wp-content\/uploads\/2024\/09\/20200313_085357-246x246-1-150x150.jpg 150w, https:\/\/spkeblowo.pl\/wp-content\/uploads\/2024\/09\/20200313_085357-246x246-1-70x70.jpg 70w, https:\/\/spkeblowo.pl\/wp-content\/uploads\/2024\/09\/20200313_085357-246x246-1.jpg 246w, https:\/\/spkeblowo.pl\/wp-content\/uploads\/2024\/09\/20200313_085357-246x246-1-125x125.jpg 125w\" sizes=\"(max-width: 150px) 100vw, 150px\" \/><\/a>\n\t\t\t<\/div><\/figure>\n\t\t<\/div>\n\r\n<p><a href=\"https:\/\/spkeblowo.pl\/?p=7532\">Pa\u017adziernik w bibliotece<\/a><\/p>\r\n<p><a href=\"https:\/\/spkeblowo.pl\/?p=7471\">Konkurs &#8222;Z ksi\u0105\u017ck\u0105 mi do twarzy&#8221;<\/a><\/p>\r\n<p><a href=\"https:\/\/spkeblowo.pl\/?p=7450\">Konkurs &#8222;Zak\u0142adka do ksi\u0105\u017cki&#8221;<\/a><\/p>\r\n<p><a href=\"https:\/\/spkeblowo.pl\/?p=7345\">Akcja biblioteczna &#8222;We\u017a, przeczytaj- i oddaj&#8221;<\/a><\/p>\r\n<\/div>\r\n\r\n<figure class=\"gallery-item\"><\/figure>\r\n<figure class=\"gallery-item\"><\/figure>\r\n<figure class=\"gallery-item\"><\/figure>","protected":false},"excerpt":{"rendered":"<p>mgr Monika Potrykus,mgr\u00a0Dorota \u0141aga \u00a0 GODZINY OTWARCIA BIBLIOTEKI (od 23.09.2024r.) Dzie\u0144 tygodnia Biblioteka Poniedzia\u0142ek 8.00 &#8211; 10.45 12.40 \u2013 15.15 &hellip; <\/p>\n","protected":false},"author":1,"featured_media":0,"parent":0,"menu_order":0,"comment_status":"closed","ping_status":"closed","template":"","meta":{"footnotes":""},"class_list":["post-135","page","type-page","status-publish","hentry"],"yoast_head":"<!-- This site is optimized with the Yoast SEO plugin v27.4 - https:\/\/yoast.com\/product\/yoast-seo-wordpress\/ -->\n<title>BIBLIOTEKA - Szko\u0142a Podstawowa im. Jana Paw\u0142a II w K\u0119b\u0142owie<\/title>\n<meta name=\"robots\" content=\"index, follow, max-snippet:-1, max-image-preview:large, max-video-preview:-1\" \/>\n<link rel=\"canonical\" href=\"https:\/\/spkeblowo.pl\/?page_id=135\" \/>\n<meta property=\"og:locale\" content=\"pl_PL\" \/>\n<meta property=\"og:type\" content=\"article\" \/>\n<meta property=\"og:title\" content=\"BIBLIOTEKA - Szko\u0142a Podstawowa im. Jana Paw\u0142a II w K\u0119b\u0142owie\" \/>\n<meta property=\"og:description\" content=\"mgr Monika Potrykus,mgr\u00a0Dorota \u0141aga \u00a0 GODZINY OTWARCIA BIBLIOTEKI (od 23.09.2024r.) Dzie\u0144 tygodnia Biblioteka Poniedzia\u0142ek 8.00 &#8211; 10.45 12.40 \u2013 15.15 &hellip;\" \/>\n<meta property=\"og:url\" content=\"https:\/\/spkeblowo.pl\/?page_id=135\" \/>\n<meta property=\"og:site_name\" content=\"Szko\u0142a Podstawowa im. Jana Paw\u0142a II w K\u0119b\u0142owie\" \/>\n<meta property=\"article:modified_time\" content=\"2024-10-17T05:53:09+00:00\" \/>\n<meta property=\"og:image\" content=\"https:\/\/spkeblowo.pl\/wp-content\/uploads\/2024\/09\/20200313_085250-1-246x246-1-150x150.jpg\" \/>\n<meta name=\"twitter:card\" content=\"summary_large_image\" \/>\n<meta name=\"twitter:label1\" content=\"Szacowany czas czytania\" \/>\n\t<meta name=\"twitter:data1\" content=\"2 minuty\" \/>\n<script type=\"application\/ld+json\" class=\"yoast-schema-graph\">{\"@context\":\"https:\\\/\\\/schema.org\",\"@graph\":[{\"@type\":\"WebPage\",\"@id\":\"https:\\\/\\\/spkeblowo.pl\\\/?page_id=135\",\"url\":\"https:\\\/\\\/spkeblowo.pl\\\/?page_id=135\",\"name\":\"BIBLIOTEKA - Szko\u0142a Podstawowa im. Jana Paw\u0142a II w K\u0119b\u0142owie\",\"isPartOf\":{\"@id\":\"https:\\\/\\\/spkeblowo.pl\\\/#website\"},\"datePublished\":\"2020-03-10T16:24:32+00:00\",\"dateModified\":\"2024-10-17T05:53:09+00:00\",\"breadcrumb\":{\"@id\":\"https:\\\/\\\/spkeblowo.pl\\\/?page_id=135#breadcrumb\"},\"inLanguage\":\"pl-PL\",\"potentialAction\":[{\"@type\":\"ReadAction\",\"target\":[\"https:\\\/\\\/spkeblowo.pl\\\/?page_id=135\"]}]},{\"@type\":\"BreadcrumbList\",\"@id\":\"https:\\\/\\\/spkeblowo.pl\\\/?page_id=135#breadcrumb\",\"itemListElement\":[{\"@type\":\"ListItem\",\"position\":1,\"name\":\"Strona g\u0142\u00f3wna\",\"item\":\"https:\\\/\\\/spkeblowo.pl\\\/\"},{\"@type\":\"ListItem\",\"position\":2,\"name\":\"BIBLIOTEKA\"}]},{\"@type\":\"WebSite\",\"@id\":\"https:\\\/\\\/spkeblowo.pl\\\/#website\",\"url\":\"https:\\\/\\\/spkeblowo.pl\\\/\",\"name\":\"Szko\u0142a Podstawowa im. Jana Paw\u0142a II w K\u0119b\u0142owie\",\"description\":\"\",\"publisher\":{\"@id\":\"https:\\\/\\\/spkeblowo.pl\\\/#organization\"},\"potentialAction\":[{\"@type\":\"SearchAction\",\"target\":{\"@type\":\"EntryPoint\",\"urlTemplate\":\"https:\\\/\\\/spkeblowo.pl\\\/?s={search_term_string}\"},\"query-input\":{\"@type\":\"PropertyValueSpecification\",\"valueRequired\":true,\"valueName\":\"search_term_string\"}}],\"inLanguage\":\"pl-PL\"},{\"@type\":\"Organization\",\"@id\":\"https:\\\/\\\/spkeblowo.pl\\\/#organization\",\"name\":\"Szko\u0142a Podstawowa im. Jana Paw\u0142a II w K\u0119b\u0142owie\",\"url\":\"https:\\\/\\\/spkeblowo.pl\\\/\",\"logo\":{\"@type\":\"ImageObject\",\"inLanguage\":\"pl-PL\",\"@id\":\"https:\\\/\\\/spkeblowo.pl\\\/#\\\/schema\\\/logo\\\/image\\\/\",\"url\":\"https:\\\/\\\/spkeblowo.pl\\\/wp-content\\\/uploads\\\/2020\\\/03\\\/2-2.png\",\"contentUrl\":\"https:\\\/\\\/spkeblowo.pl\\\/wp-content\\\/uploads\\\/2020\\\/03\\\/2-2.png\",\"width\":1400,\"height\":350,\"caption\":\"Szko\u0142a Podstawowa im. Jana Paw\u0142a II w K\u0119b\u0142owie\"},\"image\":{\"@id\":\"https:\\\/\\\/spkeblowo.pl\\\/#\\\/schema\\\/logo\\\/image\\\/\"}}]}<\/script>\n<!-- \/ Yoast SEO plugin. -->","yoast_head_json":{"title":"BIBLIOTEKA - Szko\u0142a Podstawowa im. Jana Paw\u0142a II w K\u0119b\u0142owie","robots":{"index":"index","follow":"follow","max-snippet":"max-snippet:-1","max-image-preview":"max-image-preview:large","max-video-preview":"max-video-preview:-1"},"canonical":"https:\/\/spkeblowo.pl\/?page_id=135","og_locale":"pl_PL","og_type":"article","og_title":"BIBLIOTEKA - Szko\u0142a Podstawowa im. Jana Paw\u0142a II w K\u0119b\u0142owie","og_description":"mgr Monika Potrykus,mgr\u00a0Dorota \u0141aga \u00a0 GODZINY OTWARCIA BIBLIOTEKI (od 23.09.2024r.) Dzie\u0144 tygodnia Biblioteka Poniedzia\u0142ek 8.00 &#8211; 10.45 12.40 \u2013 15.15 &hellip;","og_url":"https:\/\/spkeblowo.pl\/?page_id=135","og_site_name":"Szko\u0142a Podstawowa im. Jana Paw\u0142a II w K\u0119b\u0142owie","article_modified_time":"2024-10-17T05:53:09+00:00","og_image":[{"url":"https:\/\/spkeblowo.pl\/wp-content\/uploads\/2024\/09\/20200313_085250-1-246x246-1-150x150.jpg","type":"","width":"","height":""}],"twitter_card":"summary_large_image","twitter_misc":{"Szacowany czas czytania":"2 minuty"},"schema":{"@context":"https:\/\/schema.org","@graph":[{"@type":"WebPage","@id":"https:\/\/spkeblowo.pl\/?page_id=135","url":"https:\/\/spkeblowo.pl\/?page_id=135","name":"BIBLIOTEKA - Szko\u0142a Podstawowa im. Jana Paw\u0142a II w K\u0119b\u0142owie","isPartOf":{"@id":"https:\/\/spkeblowo.pl\/#website"},"datePublished":"2020-03-10T16:24:32+00:00","dateModified":"2024-10-17T05:53:09+00:00","breadcrumb":{"@id":"https:\/\/spkeblowo.pl\/?page_id=135#breadcrumb"},"inLanguage":"pl-PL","potentialAction":[{"@type":"ReadAction","target":["https:\/\/spkeblowo.pl\/?page_id=135"]}]},{"@type":"BreadcrumbList","@id":"https:\/\/spkeblowo.pl\/?page_id=135#breadcrumb","itemListElement":[{"@type":"ListItem","position":1,"name":"Strona g\u0142\u00f3wna","item":"https:\/\/spkeblowo.pl\/"},{"@type":"ListItem","position":2,"name":"BIBLIOTEKA"}]},{"@type":"WebSite","@id":"https:\/\/spkeblowo.pl\/#website","url":"https:\/\/spkeblowo.pl\/","name":"Szko\u0142a Podstawowa im. Jana Paw\u0142a II w K\u0119b\u0142owie","description":"","publisher":{"@id":"https:\/\/spkeblowo.pl\/#organization"},"potentialAction":[{"@type":"SearchAction","target":{"@type":"EntryPoint","urlTemplate":"https:\/\/spkeblowo.pl\/?s={search_term_string}"},"query-input":{"@type":"PropertyValueSpecification","valueRequired":true,"valueName":"search_term_string"}}],"inLanguage":"pl-PL"},{"@type":"Organization","@id":"https:\/\/spkeblowo.pl\/#organization","name":"Szko\u0142a Podstawowa im. Jana Paw\u0142a II w K\u0119b\u0142owie","url":"https:\/\/spkeblowo.pl\/","logo":{"@type":"ImageObject","inLanguage":"pl-PL","@id":"https:\/\/spkeblowo.pl\/#\/schema\/logo\/image\/","url":"https:\/\/spkeblowo.pl\/wp-content\/uploads\/2020\/03\/2-2.png","contentUrl":"https:\/\/spkeblowo.pl\/wp-content\/uploads\/2020\/03\/2-2.png","width":1400,"height":350,"caption":"Szko\u0142a Podstawowa im. Jana Paw\u0142a II w K\u0119b\u0142owie"},"image":{"@id":"https:\/\/spkeblowo.pl\/#\/schema\/logo\/image\/"}}]}},"_links":{"self":[{"href":"https:\/\/spkeblowo.pl\/index.php?rest_route=\/wp\/v2\/pages\/135","targetHints":{"allow":["GET"]}}],"collection":[{"href":"https:\/\/spkeblowo.pl\/index.php?rest_route=\/wp\/v2\/pages"}],"about":[{"href":"https:\/\/spkeblowo.pl\/index.php?rest_route=\/wp\/v2\/types\/page"}],"author":[{"embeddable":true,"href":"https:\/\/spkeblowo.pl\/index.php?rest_route=\/wp\/v2\/users\/1"}],"replies":[{"embeddable":true,"href":"https:\/\/spkeblowo.pl\/index.php?rest_route=%2Fwp%2Fv2%2Fcomments&post=135"}],"version-history":[{"count":34,"href":"https:\/\/spkeblowo.pl\/index.php?rest_route=\/wp\/v2\/pages\/135\/revisions"}],"predecessor-version":[{"id":7582,"href":"https:\/\/spkeblowo.pl\/index.php?rest_route=\/wp\/v2\/pages\/135\/revisions\/7582"}],"wp:attachment":[{"href":"https:\/\/spkeblowo.pl\/index.php?rest_route=%2Fwp%2Fv2%2Fmedia&parent=135"}],"curies":[{"name":"wp","href":"https:\/\/api.w.org\/{rel}","templated":true}]}}