{"id":103,"date":"2020-03-10T16:19:23","date_gmt":"2020-03-10T16:19:23","guid":{"rendered":"http:\/\/spkeblowo.strefa.pl\/wordpress\/?page_id=103"},"modified":"2026-03-05T16:41:08","modified_gmt":"2026-03-05T14:41:08","slug":"dokumenty-szkolne","status":"publish","type":"page","link":"https:\/\/spkeblowo.pl\/?page_id=103","title":{"rendered":"DOKUMENTY SZKOLNE"},"content":{"rendered":"\r\n<h4 class=\"wp-block-heading\"><span style=\"font-size: 14pt;\"><strong>Wa\u017cne dokumenty:<\/strong><\/span><\/h4>\r\n<p><span style=\"font-size: 12pt;\">\r\n\r\n<\/span><\/p>\r\n<div class=\"wp-block-file\"><span style=\"font-size: 12pt;\"><a href=\"https:\/\/spkeblowo.pl\/wp-content\/uploads\/2020\/03\/rodo.pdf\">Obowi\u0105zek informacyjny RODO<\/a><\/span><\/div>\r\n<p><span style=\"font-size: 12pt;\">\r\n\r\n<\/span><\/p>\r\n<div class=\"wp-block-file\"><span style=\"font-size: 12pt;\"><a href=\"https:\/\/spkeblowo.pl\/wp-content\/uploads\/2020\/03\/koncepcja.pdf\">Koncepcja pracy szko\u0142y<\/a><\/span><\/div>\r\n<p><span style=\"font-size: 12pt;\">\r\n\r\n<\/span><\/p>\r\n<div class=\"wp-block-file\"><span style=\"font-size: 12pt;\"><a href=\"https:\/\/spkeblowo.pl\/wp-content\/uploads\/2026\/03\/Program-wychowawczo-profilaktyczny-IX.2025.pdf\">Program Wychowawczo-Profilaktyczny<\/a><\/span><\/div>\r\n<div>\u00a0<\/div>\r\n<div><span style=\"font-size: 12pt;\"><a href=\"https:\/\/spkeblowo.pl\/wp-content\/uploads\/2026\/03\/statut-wrzesien-2025.pdf\">Statut Szko\u0142y<\/a>\u00a0<\/span><\/div>\r\n<p><span style=\"font-size: 12pt;\">\r\n\r\n<\/span><\/p>\r\n<div><span style=\"font-size: 12pt;\"><a href=\"https:\/\/spkeblowo.pl\/wp-content\/uploads\/2023\/11\/CEREMONIAL-SZKOLNY-2023r..pdf\">CEREMONIA\u0141 SZKOLNY 2023 r.<\/a><\/span><\/div>\r\n<p><span style=\"font-size: 12pt;\">\r\n\r\n<\/span><\/p>\r\n<p><span style=\"font-size: 12pt;\">\r\n\r\n<\/span><\/p>\r\n<p><span style=\"font-size: 12pt;\">\r\n\r\n<\/span><\/p>\r\n<div class=\"wp-block-file\" style=\"text-align: left;\"><span style=\"font-size: 12pt;\"><a href=\"https:\/\/spkeblowo.pl\/wp-content\/uploads\/2020\/12\/Regulamin-monitoringu.pdf\">Regulamin-monitoringu<\/a><\/span><\/div>\r\n<p><span style=\"font-size: 12pt;\">\r\n\r\n<\/span><\/p>\r\n<h4 class=\"wp-block-heading\"><span style=\"font-size: 14pt;\"><strong>Potrzebne wzory dokument\u00f3w:<\/strong><\/span><\/h4>\r\n<p><span style=\"font-size: 12pt;\"><a href=\"https:\/\/spkeblowo.pl\/wp-content\/uploads\/2024\/02\/wniosek-o-duplikat.pdf\">Wniosek o duplikat \u015bwiadectwa<\/a><\/span><br \/><span style=\"font-size: 12pt;\"><a href=\"https:\/\/spkeblowo.pl\/wp-content\/uploads\/2024\/03\/Duplikat-legitymacji.pdf\">Wniosek o duplikat legitymacji<\/a><\/span><br \/><span style=\"font-size: 12pt;\"><a href=\"https:\/\/spkeblowo.pl\/wp-content\/uploads\/2020\/08\/druk-usprawiedliwienia.docx\">nieobecno\u015bci ucznia na zaj\u0119ciach<\/a><\/span><\/p>\r\n<p><a href=\"https:\/\/spkeblowo.pl\/?attachment_id=9099\" rel=\"attachment wp-att-9099\">Edukacja zdrowotna &#8211; rezygnacja<\/a><\/p>\r\n<p><span style=\"font-size: 12pt;\">\r\n\r\n<\/span><\/p>\r\n<div class=\"wp-block-file\"><span style=\"font-size: 12pt;\"><a href=\"https:\/\/spkeblowo.pl\/wp-content\/uploads\/2020\/08\/druk-zwolnienia.docx\">Druk zwolnienia ucznia z zaj\u0119\u0107<\/a><\/span><\/div>\r\n<div><a href=\"https:\/\/spkeblowo.pl\/?attachment_id=9279\" rel=\"attachment wp-att-9279\">Karta zapisu do \u015bwietlicy 2025\/2026<\/a><\/div>\r\n<div><span style=\"font-size: 12pt;\"><a href=\"https:\/\/spkeblowo.pl\/wp-content\/uploads\/2025\/08\/Upowaznienie-odbior-dziecka.docx\">Upowa\u017cnienie &#8211; odbi\u00f3r dziecka<\/a><\/span><\/div>\r\n<div>\u00a0<\/div>\r\n<div><span style=\"font-size: 14pt;\"><strong>Procedury obowi\u0105zuj\u0105ce w szkole:<\/strong><\/span><\/div>\r\n<div>\u00a0<\/div>\r\n<div><span style=\"font-size: 12pt;\"><a href=\"https:\/\/spkeblowo.pl\/wp-content\/uploads\/2025\/08\/Procedury-wewnatrzszkolne.pdf\">Procedury wewn\u0105trzszkolne<\/a><\/span><\/div>\r\n<div><span style=\"font-size: 12pt;\"><a href=\"https:\/\/spkeblowo.pl\/wp-content\/uploads\/2026\/03\/Zagrozenia-w-szkole-procedury-postepowania.pdf\">Zagro\u017cenia w szkole \u2014 procedury post\u0119powania<\/a><\/span><\/div>\r\n<div><span style=\"font-size: 12pt;\"><a href=\"https:\/\/spkeblowo.pl\/wp-content\/uploads\/2024\/04\/Procedury-wytyczne-w-czasie-pandemii.pdf\">Procedury, wytyczne w czasie pandemii<\/a><\/span><\/div>\r\n<div><span style=\"font-size: 12pt;\"><a href=\"https:\/\/spkeblowo.pl\/wp-content\/uploads\/2024\/04\/Standardy-ochrony-maloletnich-wersja-skrocona.pdf\">Standardy ochrony ma\u0142oletnich \u2014 wersja skr\u00f3cona<\/a><\/span><\/div>\r\n<div><span style=\"font-size: 12pt;\"><a href=\"https:\/\/spkeblowo.pl\/wp-content\/uploads\/2024\/04\/Standardy-ochrony-maloletnich.pdf\">Standardy ochrony ma\u0142oletnich<\/a><\/span><\/div>\r\n<div><span style=\"font-size: 12pt;\"><a href=\"https:\/\/spkeblowo.pl\/wp-content\/uploads\/2024\/04\/Procedury-postepowania-z-uczniem-chorym.pdf\">Procedury post\u0119powania z uczniem chorym<\/a><\/span><\/div>\r\n<div><span style=\"font-size: 12pt;\"><a href=\"https:\/\/spkeblowo.pl\/wp-content\/uploads\/2024\/04\/Procedura-w-przypadku-stwierdzenia-wszawicy-w-szkole.pdf\">Procedura w przypadku stwierdzenia wszawicy w szkole<\/a><\/span><\/div>\r\n<div><span style=\"font-size: 12pt;\"><a href=\"https:\/\/spkeblowo.pl\/wp-content\/uploads\/2024\/04\/Procedura-ewakuacji.pdf\">Procedura ewakuacji<\/a><\/span><\/div>\r\n\r\n\r\n\r\n<div class=\"wp-block-file\">\u00a0<\/div>\r\n","protected":false},"excerpt":{"rendered":"<p>Wa\u017cne dokumenty: Potrzebne wzory dokument\u00f3w: Wniosek o duplikat \u015bwiadectwaWniosek o duplikat legitymacjinieobecno\u015bci ucznia na zaj\u0119ciach Edukacja zdrowotna &#8211; rezygnacja<\/p>\n","protected":false},"author":1,"featured_media":0,"parent":0,"menu_order":0,"comment_status":"closed","ping_status":"closed","template":"","meta":{"footnotes":""},"class_list":["post-103","page","type-page","status-publish","hentry"],"yoast_head":"<!-- This site is optimized with the Yoast SEO plugin v27.4 - https:\/\/yoast.com\/product\/yoast-seo-wordpress\/ -->\n<title>DOKUMENTY SZKOLNE - Szko\u0142a Podstawowa im. Jana Paw\u0142a II w K\u0119b\u0142owie<\/title>\n<meta name=\"robots\" content=\"index, follow, max-snippet:-1, max-image-preview:large, max-video-preview:-1\" \/>\n<link rel=\"canonical\" href=\"https:\/\/spkeblowo.pl\/?page_id=103\" \/>\n<meta property=\"og:locale\" content=\"pl_PL\" \/>\n<meta property=\"og:type\" content=\"article\" \/>\n<meta property=\"og:title\" content=\"DOKUMENTY SZKOLNE - Szko\u0142a Podstawowa im. Jana Paw\u0142a II w K\u0119b\u0142owie\" \/>\n<meta property=\"og:description\" content=\"Wa\u017cne dokumenty: Potrzebne wzory dokument\u00f3w: Wniosek o duplikat \u015bwiadectwaWniosek o duplikat legitymacjinieobecno\u015bci ucznia na zaj\u0119ciach Edukacja zdrowotna &#8211; rezygnacja\" \/>\n<meta property=\"og:url\" content=\"https:\/\/spkeblowo.pl\/?page_id=103\" \/>\n<meta property=\"og:site_name\" content=\"Szko\u0142a Podstawowa im. Jana Paw\u0142a II w K\u0119b\u0142owie\" \/>\n<meta property=\"article:modified_time\" content=\"2026-03-05T14:41:08+00:00\" \/>\n<meta name=\"twitter:card\" content=\"summary_large_image\" \/>\n<meta name=\"twitter:label1\" content=\"Szacowany czas czytania\" \/>\n\t<meta name=\"twitter:data1\" content=\"1 minuta\" \/>\n<script type=\"application\/ld+json\" class=\"yoast-schema-graph\">{\"@context\":\"https:\\\/\\\/schema.org\",\"@graph\":[{\"@type\":\"WebPage\",\"@id\":\"https:\\\/\\\/spkeblowo.pl\\\/?page_id=103\",\"url\":\"https:\\\/\\\/spkeblowo.pl\\\/?page_id=103\",\"name\":\"DOKUMENTY SZKOLNE - Szko\u0142a Podstawowa im. Jana Paw\u0142a II w K\u0119b\u0142owie\",\"isPartOf\":{\"@id\":\"https:\\\/\\\/spkeblowo.pl\\\/#website\"},\"datePublished\":\"2020-03-10T16:19:23+00:00\",\"dateModified\":\"2026-03-05T14:41:08+00:00\",\"breadcrumb\":{\"@id\":\"https:\\\/\\\/spkeblowo.pl\\\/?page_id=103#breadcrumb\"},\"inLanguage\":\"pl-PL\",\"potentialAction\":[{\"@type\":\"ReadAction\",\"target\":[\"https:\\\/\\\/spkeblowo.pl\\\/?page_id=103\"]}]},{\"@type\":\"BreadcrumbList\",\"@id\":\"https:\\\/\\\/spkeblowo.pl\\\/?page_id=103#breadcrumb\",\"itemListElement\":[{\"@type\":\"ListItem\",\"position\":1,\"name\":\"Strona g\u0142\u00f3wna\",\"item\":\"https:\\\/\\\/spkeblowo.pl\\\/\"},{\"@type\":\"ListItem\",\"position\":2,\"name\":\"DOKUMENTY SZKOLNE\"}]},{\"@type\":\"WebSite\",\"@id\":\"https:\\\/\\\/spkeblowo.pl\\\/#website\",\"url\":\"https:\\\/\\\/spkeblowo.pl\\\/\",\"name\":\"Szko\u0142a Podstawowa im. Jana Paw\u0142a II w K\u0119b\u0142owie\",\"description\":\"\",\"publisher\":{\"@id\":\"https:\\\/\\\/spkeblowo.pl\\\/#organization\"},\"potentialAction\":[{\"@type\":\"SearchAction\",\"target\":{\"@type\":\"EntryPoint\",\"urlTemplate\":\"https:\\\/\\\/spkeblowo.pl\\\/?s={search_term_string}\"},\"query-input\":{\"@type\":\"PropertyValueSpecification\",\"valueRequired\":true,\"valueName\":\"search_term_string\"}}],\"inLanguage\":\"pl-PL\"},{\"@type\":\"Organization\",\"@id\":\"https:\\\/\\\/spkeblowo.pl\\\/#organization\",\"name\":\"Szko\u0142a Podstawowa im. Jana Paw\u0142a II w K\u0119b\u0142owie\",\"url\":\"https:\\\/\\\/spkeblowo.pl\\\/\",\"logo\":{\"@type\":\"ImageObject\",\"inLanguage\":\"pl-PL\",\"@id\":\"https:\\\/\\\/spkeblowo.pl\\\/#\\\/schema\\\/logo\\\/image\\\/\",\"url\":\"https:\\\/\\\/spkeblowo.pl\\\/wp-content\\\/uploads\\\/2020\\\/03\\\/2-2.png\",\"contentUrl\":\"https:\\\/\\\/spkeblowo.pl\\\/wp-content\\\/uploads\\\/2020\\\/03\\\/2-2.png\",\"width\":1400,\"height\":350,\"caption\":\"Szko\u0142a Podstawowa im. Jana Paw\u0142a II w K\u0119b\u0142owie\"},\"image\":{\"@id\":\"https:\\\/\\\/spkeblowo.pl\\\/#\\\/schema\\\/logo\\\/image\\\/\"}}]}<\/script>\n<!-- \/ Yoast SEO plugin. -->","yoast_head_json":{"title":"DOKUMENTY SZKOLNE - Szko\u0142a Podstawowa im. Jana Paw\u0142a II w K\u0119b\u0142owie","robots":{"index":"index","follow":"follow","max-snippet":"max-snippet:-1","max-image-preview":"max-image-preview:large","max-video-preview":"max-video-preview:-1"},"canonical":"https:\/\/spkeblowo.pl\/?page_id=103","og_locale":"pl_PL","og_type":"article","og_title":"DOKUMENTY SZKOLNE - Szko\u0142a Podstawowa im. Jana Paw\u0142a II w K\u0119b\u0142owie","og_description":"Wa\u017cne dokumenty: Potrzebne wzory dokument\u00f3w: Wniosek o duplikat \u015bwiadectwaWniosek o duplikat legitymacjinieobecno\u015bci ucznia na zaj\u0119ciach Edukacja zdrowotna &#8211; rezygnacja","og_url":"https:\/\/spkeblowo.pl\/?page_id=103","og_site_name":"Szko\u0142a Podstawowa im. Jana Paw\u0142a II w K\u0119b\u0142owie","article_modified_time":"2026-03-05T14:41:08+00:00","twitter_card":"summary_large_image","twitter_misc":{"Szacowany czas czytania":"1 minuta"},"schema":{"@context":"https:\/\/schema.org","@graph":[{"@type":"WebPage","@id":"https:\/\/spkeblowo.pl\/?page_id=103","url":"https:\/\/spkeblowo.pl\/?page_id=103","name":"DOKUMENTY SZKOLNE - Szko\u0142a Podstawowa im. Jana Paw\u0142a II w K\u0119b\u0142owie","isPartOf":{"@id":"https:\/\/spkeblowo.pl\/#website"},"datePublished":"2020-03-10T16:19:23+00:00","dateModified":"2026-03-05T14:41:08+00:00","breadcrumb":{"@id":"https:\/\/spkeblowo.pl\/?page_id=103#breadcrumb"},"inLanguage":"pl-PL","potentialAction":[{"@type":"ReadAction","target":["https:\/\/spkeblowo.pl\/?page_id=103"]}]},{"@type":"BreadcrumbList","@id":"https:\/\/spkeblowo.pl\/?page_id=103#breadcrumb","itemListElement":[{"@type":"ListItem","position":1,"name":"Strona g\u0142\u00f3wna","item":"https:\/\/spkeblowo.pl\/"},{"@type":"ListItem","position":2,"name":"DOKUMENTY SZKOLNE"}]},{"@type":"WebSite","@id":"https:\/\/spkeblowo.pl\/#website","url":"https:\/\/spkeblowo.pl\/","name":"Szko\u0142a Podstawowa im. Jana Paw\u0142a II w K\u0119b\u0142owie","description":"","publisher":{"@id":"https:\/\/spkeblowo.pl\/#organization"},"potentialAction":[{"@type":"SearchAction","target":{"@type":"EntryPoint","urlTemplate":"https:\/\/spkeblowo.pl\/?s={search_term_string}"},"query-input":{"@type":"PropertyValueSpecification","valueRequired":true,"valueName":"search_term_string"}}],"inLanguage":"pl-PL"},{"@type":"Organization","@id":"https:\/\/spkeblowo.pl\/#organization","name":"Szko\u0142a Podstawowa im. Jana Paw\u0142a II w K\u0119b\u0142owie","url":"https:\/\/spkeblowo.pl\/","logo":{"@type":"ImageObject","inLanguage":"pl-PL","@id":"https:\/\/spkeblowo.pl\/#\/schema\/logo\/image\/","url":"https:\/\/spkeblowo.pl\/wp-content\/uploads\/2020\/03\/2-2.png","contentUrl":"https:\/\/spkeblowo.pl\/wp-content\/uploads\/2020\/03\/2-2.png","width":1400,"height":350,"caption":"Szko\u0142a Podstawowa im. Jana Paw\u0142a II w K\u0119b\u0142owie"},"image":{"@id":"https:\/\/spkeblowo.pl\/#\/schema\/logo\/image\/"}}]}},"_links":{"self":[{"href":"https:\/\/spkeblowo.pl\/index.php?rest_route=\/wp\/v2\/pages\/103","targetHints":{"allow":["GET"]}}],"collection":[{"href":"https:\/\/spkeblowo.pl\/index.php?rest_route=\/wp\/v2\/pages"}],"about":[{"href":"https:\/\/spkeblowo.pl\/index.php?rest_route=\/wp\/v2\/types\/page"}],"author":[{"embeddable":true,"href":"https:\/\/spkeblowo.pl\/index.php?rest_route=\/wp\/v2\/users\/1"}],"replies":[{"embeddable":true,"href":"https:\/\/spkeblowo.pl\/index.php?rest_route=%2Fwp%2Fv2%2Fcomments&post=103"}],"version-history":[{"count":44,"href":"https:\/\/spkeblowo.pl\/index.php?rest_route=\/wp\/v2\/pages\/103\/revisions"}],"predecessor-version":[{"id":9648,"href":"https:\/\/spkeblowo.pl\/index.php?rest_route=\/wp\/v2\/pages\/103\/revisions\/9648"}],"wp:attachment":[{"href":"https:\/\/spkeblowo.pl\/index.php?rest_route=%2Fwp%2Fv2%2Fmedia&parent=103"}],"curies":[{"name":"wp","href":"https:\/\/api.w.org\/{rel}","templated":true}]}}